{"id":200,"date":"2022-07-30T22:46:05","date_gmt":"2022-07-30T20:46:05","guid":{"rendered":"https:\/\/www.lesvoilesdesaint-tropez.fr\/?page_id=200"},"modified":"2025-09-25T15:00:26","modified_gmt":"2025-09-25T13:00:26","slug":"organisation","status":"publish","type":"page","link":"https:\/\/www.lesvoilesdesaint-tropez.fr\/fr\/decouverte\/organisation","title":{"rendered":"Organisation"},"content":{"rendered":"\n<h2 class=\"wp-block-heading\">COMIT\u00c9 D\u2019HONNEUR<\/h2>\n\n\n\n<ul class=\"wp-block-list\">\n<li>Sylvie Siri, Maire de Saint-Tropez<\/li>\n\n\n\n<li>Vice-amiral Emmanuel de Oliveira, Pr\u00e9sident de la Soci\u00e9t\u00e9 Nationale de Sauvetage en Mer (SNSM)<\/li>\n\n\n\n<li>Jean-Luc Den\u00e9chau, Pr\u00e9sident de la F\u00e9d\u00e9ration Fran\u00e7aise de Voile (FFV)<\/li>\n\n\n\n<li>Catherine Chabaud, Pr\u00e9sidente du Yacht Club de France (YCF)<\/li>\n\n\n\n<li>Patrice de Colmont, Cr\u00e9ateur Fondateur de la Nioulargue<\/li>\n\n\n\n<li>Thierry Catino, Pr\u00e9sident de la SNST (de 1991 \u00e0 1999) 1ere \u00e9dition des Voiles de Saint-Tropez en 1999<\/li>\n\n\n\n<li>Andr\u00e9 Beaufils, Pr\u00e9sident de la SNST (de 1989 \u00e0 1991 et de 2000 \u00e0 2018)<\/li>\n\n\n\n<li>Tony Oller, Pr\u00e9sident de la SNST de 2018 \u00e0 2020<\/li>\n<\/ul>\n\n\n\n<h2 class=\"wp-block-heading\">COMIT\u00c9 D\u2019ORGANISATION<\/h2>\n\n\n\n<ul class=\"wp-block-list\">\n<li>Pierre Roinson, Pr\u00e9sident de la SNST<\/li>\n\n\n\n<li>Georges Korhel, Principal Race Officer<\/li>\n\n\n\n<li>Patricia Barasc, Tr\u00e9sori\u00e8re SNST<\/li>\n\n\n\n<li>Michel Pavillon, Secr\u00e9taire G\u00e9n\u00e9ral SNST<\/li>\n\n\n\n<li>Chlo\u00e9 de Brouwer, attach\u00e9e de direction &amp; Communication <\/li>\n\n\n\n<li>Fr\u00e9d\u00e9rique Fantino, &nbsp;accueil et inscription des concurrents<\/li>\n\n\n\n<li>Gilles Doyen, logistique en mer<\/li>\n\n\n\n<li>Fran\u00e7oise Bougeard, remise des prix et uniformes<\/li>\n\n\n\n<li>Alexandra Jager, animations \u00e0 terre (Esprit Village)<\/li>\n<\/ul>\n\n\n\n<h2 class=\"wp-block-heading\">RELATIONS PRESSE et MEDIAS<\/h2>\n\n\n\n<ul class=\"wp-block-list\">\n<li>Maguelonne Turcat, relations presse des Voiles de Saint-Tropez<\/li>\n\n\n\n<li>Pierre-Marie Bourguinat, r\u00e9dacteur communiqu\u00e9s de presse<\/li>\n\n\n\n<li>Gilles Martin Raget et Guilain Grenier, photographie et vid\u00e9o<\/li>\n\n\n\n<li>Guillaume Grava, montage vid\u00e9o<\/li>\n\n\n\n<li>Antoine S\u00e9z\u00e9rat, programme officiel des Voiles de Saint-Tropez<\/li>\n<\/ul>\n\n\n\n<h2 class=\"wp-block-heading\">CLUB ORGANISATEUR<\/h2>\n\n\n\n<ul class=\"wp-block-list\">\n<li>Soci\u00e9t\u00e9 Nautique de Saint-Tropez<\/li>\n<\/ul>\n\n\n\n<h2 class=\"wp-block-heading\">COMIT\u00c9 DES COURSES, JURY, COMIT\u00c9 DE JAUGE 2021<\/h2>\n\n\n\n<ul class=\"wp-block-list\">\n<li>Yvon Poutriquet, Pr\u00e9sident du comit\u00e9 de course \u00abModernes\u00bb<\/li>\n\n\n\n<li>Philippe Enel, Pr\u00e9sident du comit\u00e9 de course \u00abTradition\u00bb<\/li>\n\n\n\n<li>J\u00e9r\u00f4me Nutte, Pr\u00e9sident du comit\u00e9 de course Wally \/ Class J<\/li>\n\n\n\n<li>Yves L\u00e9glise, Pr\u00e9sident du Jury International<\/li>\n\n\n\n<li>Renaud Godard, comit\u00e9 technique CIM<\/li>\n\n\n\n<li>Jean Noel Tourin, comit\u00e9 technique moderne<\/li>\n\n\n\n<li>Annick Gautier, R\u00e9sultats Modernes<\/li>\n\n\n\n<li>Tetyana Giga, R\u00e9sultats Tradition<\/li>\n<\/ul>\n\n\n\n<h2 class=\"wp-block-heading\">AVEC LA COLLABORATION DE<\/h2>\n\n\n\n<ul class=\"wp-block-list\">\n<li>La Mairie de Saint-Tropez<\/li>\n\n\n\n<li>La Capitainerie du Port de Saint-Tropez<\/li>\n\n\n\n<li>La Soci\u00e9t\u00e9 Nationale de Sauvetage en Mer (SNSM)<\/li>\n\n\n\n<li>L\u2019esprit Village des commer\u00e7ants \u00e0 Saint-Tropez<\/li>\n\n\n\n<li>L&rsquo;office de Tourisme de Saint-Tropez<\/li>\n<\/ul>\n\n\n\n<h2 class=\"wp-block-heading\">ACCUEIL DES BATEAUX<\/h2>\n\n\n\n<ul class=\"wp-block-list\">\n<li>Pascal Bonnet, Directeur du Port de Saint-Tropez<\/li>\n<\/ul>\n\n\n\n<div style=\"height:60px\" aria-hidden=\"true\" class=\"wp-block-spacer\"><\/div>\n\n\n\n<p class=\"has-text-align-center has-secondary-color has-text-color\"><strong>Les Voiles de Saint-Tropez sont inscrites au calendrier de l\u2019Association Fran\u00e7aise des Yachts de Tradition (AFYT)<\/strong> <strong>et au calendrier de l&rsquo;IMA (international Maxi Association)<\/strong><\/p>\n\n\n\n<p class=\"has-text-align-center has-secondary-color has-text-color\"><strong>Les Voiles de Saint-Tropez sont parrain\u00e9es par le Yacht Club de France (YCF)<\/strong><\/p>\n","protected":false},"excerpt":{"rendered":"<p>COMIT\u00c9 D\u2019HONNEUR COMIT\u00c9 D\u2019ORGANISATION RELATIONS PRESSE et MEDIAS CLUB ORGANISATEUR COMIT\u00c9 DES COURSES, JURY, COMIT\u00c9 DE JAUGE 2021 AVEC LA COLLABORATION DE ACCUEIL DES BATEAUX Les Voiles de Saint-Tropez sont inscrites au calendrier de l\u2019Association Fran\u00e7aise des Yachts de Tradition (AFYT) et au calendrier de l&rsquo;IMA (international Maxi Association) Les Voiles de Saint-Tropez sont parrain\u00e9es&#8230;<\/p>\n","protected":false},"author":2,"featured_media":592,"parent":181,"menu_order":20,"comment_status":"closed","ping_status":"closed","template":"","meta":{"_acf_changed":false,"footnotes":""},"class_list":["post-200","page","type-page","status-publish","has-post-thumbnail","hentry"],"acf":{"subtitle":"","autoplay":false,"delay":"","video_mp4":false,"video_webm":false,"poster_image":false,"nugget":false,"partner":true,"tab":false,"supplier":false},"_links":{"self":[{"href":"https:\/\/www.lesvoilesdesaint-tropez.fr\/fr\/wp-json\/wp\/v2\/pages\/200","targetHints":{"allow":["GET"]}}],"collection":[{"href":"https:\/\/www.lesvoilesdesaint-tropez.fr\/fr\/wp-json\/wp\/v2\/pages"}],"about":[{"href":"https:\/\/www.lesvoilesdesaint-tropez.fr\/fr\/wp-json\/wp\/v2\/types\/page"}],"author":[{"embeddable":true,"href":"https:\/\/www.lesvoilesdesaint-tropez.fr\/fr\/wp-json\/wp\/v2\/users\/2"}],"replies":[{"embeddable":true,"href":"https:\/\/www.lesvoilesdesaint-tropez.fr\/fr\/wp-json\/wp\/v2\/comments?post=200"}],"version-history":[{"count":23,"href":"https:\/\/www.lesvoilesdesaint-tropez.fr\/fr\/wp-json\/wp\/v2\/pages\/200\/revisions"}],"predecessor-version":[{"id":4328,"href":"https:\/\/www.lesvoilesdesaint-tropez.fr\/fr\/wp-json\/wp\/v2\/pages\/200\/revisions\/4328"}],"up":[{"embeddable":true,"href":"https:\/\/www.lesvoilesdesaint-tropez.fr\/fr\/wp-json\/wp\/v2\/pages\/181"}],"wp:featuredmedia":[{"embeddable":true,"href":"https:\/\/www.lesvoilesdesaint-tropez.fr\/fr\/wp-json\/wp\/v2\/media\/592"}],"wp:attachment":[{"href":"https:\/\/www.lesvoilesdesaint-tropez.fr\/fr\/wp-json\/wp\/v2\/media?parent=200"}],"curies":[{"name":"wp","href":"https:\/\/api.w.org\/{rel}","templated":true}]}}

<h2 class="wp-block-heading">COMITÉ D’HONNEUR</h2>



<ul class="wp-block-list">
<li>Sylvie Siri, Maire de Saint-Tropez</li>



<li>Vice-amiral Emmanuel de Oliveira, Président de la Société Nationale de Sauvetage en Mer (SNSM)</li>



<li>Jean-Luc Denéchau, Président de la Fédération Française de Voile (FFV)</li>



<li>Catherine Chabaud, Présidente du Yacht Club de France (YCF)</li>



<li>Patrice de Colmont, Créateur Fondateur de la Nioulargue</li>



<li>Thierry Catino, Président de la SNST (de 1991 à 1999) 1ere édition des Voiles de Saint-Tropez en 1999</li>



<li>André Beaufils, Président de la SNST (de 1989 à 1991 et de 2000 à 2018)</li>



<li>Tony Oller, Président de la SNST de 2018 à 2020</li>
</ul>



<h2 class="wp-block-heading">COMITÉ D’ORGANISATION</h2>



<ul class="wp-block-list">
<li>Pierre Roinson, Président de la SNST</li>



<li>Georges Korhel, Principal Race Officer</li>



<li>Patricia Barasc, Trésorière SNST</li>



<li>Michel Pavillon, Secrétaire Général SNST</li>



<li>Chloé de Brouwer, attachée de direction &amp; Communication </li>



<li>Frédérique Fantino, &nbsp;accueil et inscription des concurrents</li>



<li>Gilles Doyen, logistique en mer</li>



<li>Françoise Bougeard, remise des prix et uniformes</li>



<li>Alexandra Jager, animations à terre (Esprit Village)</li>
</ul>



<h2 class="wp-block-heading">RELATIONS PRESSE et MEDIAS</h2>



<ul class="wp-block-list">
<li>Maguelonne Turcat, relations presse des Voiles de Saint-Tropez</li>



<li>Pierre-Marie Bourguinat, rédacteur communiqués de presse</li>



<li>Gilles Martin Raget et Guilain Grenier, photographie et vidéo</li>



<li>Guillaume Grava, montage vidéo</li>



<li>Antoine Sézérat, programme officiel des Voiles de Saint-Tropez</li>
</ul>



<h2 class="wp-block-heading">CLUB ORGANISATEUR</h2>



<ul class="wp-block-list">
<li>Société Nautique de Saint-Tropez</li>
</ul>



<h2 class="wp-block-heading">COMITÉ DES COURSES, JURY, COMITÉ DE JAUGE 2021</h2>



<ul class="wp-block-list">
<li>Yvon Poutriquet, Président du comité de course «Modernes»</li>



<li>Philippe Enel, Président du comité de course «Tradition»</li>



<li>Jérôme Nutte, Président du comité de course Wally / Class J</li>



<li>Yves Léglise, Président du Jury International</li>



<li>Renaud Godard, comité technique CIM</li>



<li>Jean Noel Tourin, comité technique moderne</li>



<li>Annick Gautier, Résultats Modernes</li>



<li>Tetyana Giga, Résultats Tradition</li>
</ul>



<h2 class="wp-block-heading">AVEC LA COLLABORATION DE</h2>



<ul class="wp-block-list">
<li>La Mairie de Saint-Tropez</li>



<li>La Capitainerie du Port de Saint-Tropez</li>



<li>La Société Nationale de Sauvetage en Mer (SNSM)</li>



<li>L’esprit Village des commerçants à Saint-Tropez</li>



<li>L&rsquo;office de Tourisme de Saint-Tropez</li>
</ul>



<h2 class="wp-block-heading">ACCUEIL DES BATEAUX</h2>



<ul class="wp-block-list">
<li>Pascal Bonnet, Directeur du Port de Saint-Tropez</li>
</ul>



<div style="height:60px" aria-hidden="true" class="wp-block-spacer"></div>



<p class="has-text-align-center has-secondary-color has-text-color"><strong>Les Voiles de Saint-Tropez sont inscrites au calendrier de l’Association Française des Yachts de Tradition (AFYT)</strong> <strong>et au calendrier de l&rsquo;IMA (international Maxi Association)</strong></p>



<p class="has-text-align-center has-secondary-color has-text-color"><strong>Les Voiles de Saint-Tropez sont parrainées par le Yacht Club de France (YCF)</strong></p>

<p>COMITÉ D’HONNEUR COMITÉ D’ORGANISATION RELATIONS PRESSE et MEDIAS CLUB ORGANISATEUR COMITÉ DES COURSES, JURY, COMITÉ DE JAUGE 2021 AVEC LA COLLABORATION DE ACCUEIL DES BATEAUX Les Voiles de Saint-Tropez sont inscrites au calendrier de l’Association Française des Yachts de Tradition (AFYT) et au calendrier de l&rsquo;IMA (international Maxi Association) Les Voiles de Saint-Tropez sont parrainées&#8230;</p>
